 u(h) = -2*m(h) + 5*s(h). Determine u(3).
0
Suppose 0 = -v + 4*v - 6. Let g(m) = 2*m**3 + 3 - 3*m**2 + 3*m - 4 + 0. Determine g(v).
9
Let s = -24 - -28. Let l(x) = -x + 5. Determine l(s).
1
Let a be 16/(-6)*27/(-36). Let t(f) = -1 + f**a - f + 4*f**2 - 5*f**2 + 3*f**2. What is t(-1)?
3
Let a = 5 + -8. Let g = -5 - -10. Let q(m) = 2 - g - m - m - m**2. Give q(a).
-6
Let m(o) = -o**3 - 3*o**2 + 2*o + 5. Suppose 5*b + 4*i + 40 = 0, 4*b + i = 3*i - 6. What is m(b)?
13
Let j(g) = g. Suppose 39 - 105 = 11*s. Give j(s).
-6
Suppose -r - 4 = -3, 0 = -4*h - 3*r + 17. Let m(q) = -2*q**3 - 4 - h*q**2 - 2*q - q**3 + 2*q**3. Determine m(-4).
-12
Let c(h) = h + 10. Let x be c(-9). Suppose x - 2 = -j. Let q(k) = -4*k. Calculate q(j).
-4
Let o(k) = k + 13. Let r(i) = i**2 + 7*i + 6. Let b be r(-6). Determine o(b).
13
Let p(q) = -7 - 1 + q + 1. Give p(4).
-3
Let v(i) = -17*i**3 - i**2. Let z be 1 + (4 - (5 + -2) - 1). Give v(z).
-18
Let v(p) be the third derivative of p**8/6720 + p**7/360 + p**6/120 + 7*p**5/120 + p**4/12 + p**2. Let r(q) be the second derivative of v(q). What is r(-6)?
7
Let q be 9/(-2)*(-14)/21. Let i(l) = l**2 - 2*l**2 + q*l - 9*l + 8. Calculate i(-6).
8
Suppose 16*z + 18 = 7*z. Let l(u) = -u**2 - 2*u - 3. Determine l(z).
-3
Suppose 21 = -o - 2*c - 2*c, -3*o + 2*c = -7. Let i(k) be the first derivative of -k**3 - k**2/2 - k + 1. Calculate i(o).
-3
Let g(v) = -4*v**2 - v**2 - v**2. Let k = -2 - -1. Let d be (-4)/(-16)*(-4)/k. Determine g(d).
-6
Let p(f) = 27*f - 5 + 14 - 38*f + 10*f**2 - f**3. Give p(9).
-9
Let o(w) = w**3 + 5*w**2 - 5*w + 1. Let q be 2/4*(2 + -14). What is o(q)?
-5
Let d(m) be the second derivative of 1/6*m**3 - 2*m - 1/6*m**4 + m**2 + 0. Let t be (1 - 0) + (-1 - -2). Determine d(t).
-4
Let q be ((-3)/2)/((-63)/210). Suppose 2*t - 4 = r - 0*r, 0 = -2*t - 3*r + 12. Let h(n) = 7*n - n**2 + n + 6 - t*n. Give h(q).
6
Let m = 2 + 1. Let o(q) be the second derivative of -4*q - 5/6*q**m - 3/2*q**2 + 0. Give o(-3).
12
Let f = -21 - -10. Let q(n) = -n**2 - 11*n - 4. Give q(f).
-4
Let m = -15 - -18. Let w(d) = 5 - d**2 - d**m + d**2 - 3 - 2*d - 3*d**2. Give w(-2).
2
Let c(p) be the third derivative of -p**5/20 + p**3/3 + p**2. Let r = -3 - -5. Suppose -r*n = 5*l + 16, -l + 0 = -n - 1. Calculate c(l).
-10
Let d(w) = -w - 7 - 5 + 5. Determine d(0).
-7
Let x(a) be the third derivative of -a**6/120 + 2*a**5/15 - a**4/12 + 5*a**3/3 - 26*a**2. Determine x(8).
-6
Let n(r) = -19 + 13 - 3*r + 2. Give n(3).
-13
Let v(f) = 5*f**3 - 9*f**2 + 6*f - 5. Let m(p) = 9*p**3 - 17*p**2 + 12*p - 10. Let i(l) = -4*m(l) + 7*v(l). Let d(q) = q - 1. Let j be d(5). Determine i(j).
-3
Let j(w) = -w**2 + 6*w + 2. Suppose -3*f + 10 = 25. Let h = 0 - f. Give j(h).
7
Suppose -5*b - l - 1 = 0, -2 = -3*b - l + 3*l. Let s be 2/1 + (3 - b). Suppose 5*g = -h - 2*h - 10, -s*g - 50 = -5*h. Let k(c) = -2*c - 4. What is k(g)?
6
Let c(o) = -o + 2. Let a be (2 + (-15)/6)*4. Let i = 43 + -15. Let n be a/(-6) - i/(-6). Calculate c(n).
-3
Let i(j) be the first derivative of -1 - 2/3*j**3 - 7/2*j**2 - 5*j. Let c(x) = -x - 10. Let g be c(-6). What is i(g)?
-9
Let d(u) = -u**2 - 8*u - 6. Suppose -2*a = w + 9 - 1, 2*w = -2*a - 6. What is d(a)?
9
Let a(l) = -l**2 + 7*l - 10. Let o be a(5). Let b(z) be the second derivative of 0 + 2*z + o*z**3 - 1/12*z**4 + 0*z**2. Give b(3).
-9
Let u(x) be the third derivative of 0 - x**2 + 0*x + 1/720*x**6 + 1/8*x**4 + 0*x**3 + 1/60*x**5. Let i(r) be the second derivative of u(r). Give i(-4).
-2
Let q = 12 - 9. Suppose -q*w = 2*g - w - 2, -22 = 5*g - 4*w. Let c(j) be the second derivative of 2*j**3/3 + j**2/2 - j. Calculate c(g).
-7
Let y(b) = -3*b + 9*b + 20 + 11*b + 3*b. Let o(p) = 2*p + 4*p + p + 7. Let d(c) = -17*o(c) + 6*y(c). What is d(4)?
5
Let s = -20 + 28. Let j(l) = 3*l**2 - 23*l - 23. Let d(z) = z**2 - 8*z - 8. Let c(y) = s*d(y) - 3*j(y). Calculate c(5).
5
Let y(x) = -9*x + 10. Let k(w) = -8*w + 9. Let g(o) = 4*k(o) - 3*y(o). Let h(i) = -9*i + 12. Let s(m) = 7*g(m) - 4*h(m). Calculate s(5).
-1
Let a be 4*(-2 + 2/4). Let x(u) = -3*u**2 - 15*u - 15. Let m(i) = i**2 + 5*i + 5. Let r(d) = a*x(d) - 17*m(d). Determine r(-5).
5
Let f(g) = 4*g + 1. Let h be f(1). Suppose -h = 4*s + 7. Let t(i) = -1 + 0*i**2 - i**2 + 3 - i - 2*i. Give t(s).
2
Let c be 10/(-30) + 7/3. Suppose 0 = c*o - o + 3. Let f(v) = 3*v + 1. Give f(o).
-8
Let y(v) be the second derivative of -v**3/6 - 9*v**2/2 - v. Suppose 0 = 2*p - 3*g - 2, -3*p + 4*g - 4 + 5 = 0. What is y(p)?
-4
Let p(q) be the third derivative of q**5/60 - q**4/3 + 4*q**3/3 + 31*q**2. Give p(6).
-4
Let h be (6/4)/((-3)/(-6)). Let l = 6 - h. Let b(i) = i. What is b(l)?
3
Let t(s) = s**3 + 13*s**2 + 11*s - 8. Let a be t(-12). Let i(x) = -x**3 - 2 + 2*x - a*x + 3*x**2 + 5 + 0*x**2. Calculate i(3).
-3
Let c(u) = 4*u**2 + 0*u**2 - 3*u**2 - u. Calculate c(-3).
12
Let k = 11 - 16. Let g(i) = -i**3 - 4*i**2 + 3*i - 5. What is g(k)?
5
Let y(s) = 0 + s + 5 - 4 - 4*s. Let c = 8 + -2. Let o be -4 + c - 6/2. Determine y(o).
4
Let h(x) = 5*x**3 - 6*x**2 - 2*x - 2. Let d(u) = -2*u**3 + 2*u**2 + u + 1. Let s(z) = 8*d(z) + 3*h(z). Give s(-2).
-2
Let t = 17 + -20. Let j(f) = -f**2 - 4*f. Calculate j(t).
3
Suppose a - 3*z - 16 = -7*z, -5*a = -5*z + 20. Let q(c) = c**3 - c**2 + 3. Give q(a).
3
Let o = 1 + -3. Let r = o - -3. Let g(h) = 10*h - 1. Calculate g(r).
9
Suppose 3*j + 0*g - 29 = 4*g, 5*j - g = 54. Let q(h) = -h**3 - 10*h**2 - 2*h - 2. Let v(k) = 3*k**3 + 29*k**2 + 7*k + 6. Let m(l) = j*q(l) + 4*v(l). Give m(-5).
-3
Let k(x) = -x**2 - 3*x + 1. Suppose -3*g + 2*h = -g + 2, -2*h + 6 = 2*g. Let v be (-1 - g) + 2*-1. Calculate k(v).
-3
Let v(r) = 3*r**3 + 7*r**2 - r + 4. Let s(w) = w**3 + 2*w**2 + 1. Let h(l) = 7*s(l) - 2*v(l). Suppose 5*i - 1 = 4. Give h(i).
2
Let y(b) = b**3 - 9*b**2 - 11*b + 1. Suppose -2*l - 90 = -11*l. Give y(l).
-9
Let q(j) = -j**2. Let u = 1 + 3. Suppose -3*k + 5 = -u. What is q(k)?
-9
Let w(y) = -2*y + 3. Let l be w(2). Let f be (4*l)/(1 - -1). Let s(t) = 2*t**2 - 1. What is s(f)?
7
Let n(d) be the second derivative of -d**5/10 - d**4/4 - d**3/3 + d**2/2 - 11*d. What is n(-2)?
9
Let v = 13 + -8. Suppose 5*k = -v*i, -2*i + 1 = -2*k + 5. Let n(r) be the second derivative of r**5/20 - r**4/12 + r**3/6 - r**2/2 + r. Calculate n(k).
0
Suppose 5*x = 2*f - 7*f + 5, 5*f - 3*x = 29. Let t(m) = m**3 - 6*m**2 + 5*m. What is t(f)?
-12
Let y(h) = -4*h**2 - 1. Let a be (-21)/(-9) - (-4)/6. Suppose 0 = -3*l + 6*l - 12. Let q = l - a. Calculate y(q).
-5
Let f(r) = -4*r - 17. Let h be f(-5). Let j(w) = 3 + 2*w**3 - w**3 - 3*w - 2*w**2 + 0*w. Determine j(h).
3
Let z(t) = -4*t + 3 + 2*t + 0. Let p be z(2). Let a(n) = 10*n. Calculate a(p).
-10
Let x(w) = -w - 3*w + 7*w. Let n be -3 + 8 + (1 - 4). Calculate x(n).
6
Let r(s) be the third derivative of -s**4/24 - 5*s**3/6 - 7*s**2. Let l(f) = 3*f**3 - f**2. Let x be l(-1). Give r(x).
-1
Let i = 16 - 16. Let h(n) be the third derivative of -n**2 + 1/2*n**3 - 1/12*n**4 + i*n + 0. Give h(2).
-1
Let b(v) = -v**3 - 6*v**2 - 4*v - 6. Suppose -4*r = -9*r - 30. What is b(r)?
18
Suppose -t - 1 = -j, -5*j + 0*t = -3*t - 9. Let d(x) = x**3 - 4*x**2 + x - 1. Give d(j).
-7
Let d(a) be the first derivative of a**2/2 - 3*a - 1. What is d(5)?
2
Let j(d) = 2*d**3 - 9*d**2 + 7*d - 3. Let t(l) = -l**3 + l**2. Let z(v) = j(v) + 3*t(v). Let i be z(-7). Let o(p) = p**3 + 4*p**2 - p - 4. What is o(i)?
8
Let p(m) be the first derivative of m**3/3 + 5*m**2/2 + m - 15. Calculate p(-6).
7
Let w(u) be the first derivative of u**4/24 - u**3/6 + u**2 + 2. Let q(x) be the second derivative of w(x). Let k(d) = 2*d - 10. Let i be k(7). Calculate q(i).
3
Let q(s) be the first derivative of 2*s**3/3 + 3*s**2/2 - 3*s - 4. Let l be q(-3). Let i(u) = u**2 - 7*u + 3. Calculate i(l).
-3
Let b be -2*(0 - (-6)/(-4)). Let v(l) be the third derivative of -1/6*l**3 - 1/12*l**4 - 3*l**2 + 0*l + 0. Determine v(b).
-7
Let p(w) = w**3 + w**2 - 5*w + 3. Let h be (-6)/((1 + -6)*12/30). Determine p(h).
24
Let g(n) = 3*n - 5. Let c(f) = f**2 - 7*f - 4. Let v be c(8). What is g(v)?
7
Let p(r) be the first derivative of r**3/3 + 7*r**2/2 - 10. Determine p(-6).
-6
Let v(u) = -u**2 - 3*u + 16. Let q be v(-6). Let s(r) = 2*r**3 + 3*r**2 + 3*r + 3. Give s(q).
-7
Let k(x) = x**2 + 3*x - 5. Let l = 12 + -7. Suppose -3*s + 3*t